- 0*v. What is the tens digit of ((-5)/l - -1)/((-4)/114)?
1
Let n(y) be the first derivative of -y**4/2 + 38*y**3/3 - 5*y**2 - 83*y - 171. What is the units digit of n(16)?
3
Let g = 51 - -68. Let z(r) = 3*r + 26. Let o be z(0). Suppose 27*u - g = o*u. What is the tens digit of u?
1
Let u be (0 - 93)*1/1*-1. Suppose 6*g = 267 + u. What is the units digit of g?
0
Let f(w) = -6*w**2 - 22*w + 8. Let x be f(-4). Let y(h) = -1 + 5 - 1 - 2 - 2*h. What is the units digit of y(x)?
1
Let n(z) = -z**3 - 10*z**2 - 17*z - 7. Suppose b + 4 + 16 = 4*a, -4*b - 35 = -a. Let r be n(b). What is the units digit of 534/(-21)*(-7)/r?
8
Let s(w) = -4*w - 4. Let v be s(-2). Suppose -c + v = 3*c. Let y(n) = 90*n**2 + 1. What is the tens digit of y(c)?
9
Let w = 9 + -13. Let q(r) = -2*r - 12. Let d(b) = -1. Let p(h) = w*q(h) + 28*d(h). What is the tens digit of p(7)?
7
Let v(w) = 3*w**2 + w + 1. Let n be v(-1). Suppose -2*c - 4*s - 1 = -n, -2 = -c - s. What is the tens digit of 478/c - 15/45?
5
Suppose 0 = -173*f + 3167388 + 2152189. What is the hundreds digit of f?
7
Let x(j) = 132*j - 43. Let t be x(4). Suppose -9*v - t = -2897. What is the hundreds digit of v?
2
Let g(f) = f**3 + 17*f**2 + 17*f + 16. Let p be g(-16). Suppose -2*k - 4*i = -22, 2*i + p = 2*k - 4. Suppose -2*l + 83 + k = 0. What is the units digit of l?
4
Suppose 4*s = -i - 10, 3*i - 3*s - 15 = -0*s. Suppose -i*a = -o + 79, 0*a = 3*o + 2*a - 261. Let c = -25 + o. What is the tens digit of c?
6
Let i = 11214 + 1789. What is the ten thousands digit of i?
1
Let y be 5/35 + 144/(-28). What is the tens digit of y + (-9)/(9/(-98))?
9
What is the thousands digit of (-1934)/(-12 - -11) + -6?
1
Suppose 0 = -110*c + 118*c - 1392. Suppose c = -t + 723. What is the tens digit of t?
4
Let q(b) = 992*b - 4. What is the tens digit of q(2)?
8
Let o = 199 + -608. Let u = 668 - o. Suppose 6*p + 153 = u. What is the tens digit of p?
5
Suppose 49*q - 170412 = 5*q. What is the tens digit of q?
7
Let y be (-14)/147*-7 - (-120)/9. Let q(z) = 197*z**2 - 2*z + 1. Let d be q(1). Suppose d = -12*o + y*o. What is the units digit of o?
8
Let u = 39134 - 9032. What is the tens digit of u?
0
Let b(f) = f**3 - 6*f + 2. Let z be b(-5). Let w = z - -97. Suppose 604 = 4*s + 3*j, -3*j + 131 - 711 = -w*s. What is the units digit of s?
8
Let d(s) = 790*s - 957. What is the hundreds digit of d(11)?
7
Let g = -93 + 98. Suppose -15 = -g*j + 45. What is the tens digit of 2792/j + -2 + (-2)/3?
3
Let t(o) = -o**3 + 65*o**2 + 40*o + 41. What is the hundreds digit of t(64)?
6
What is the units digit of 49605/((-7)/(-2)*(-396)/(-462))?
5
Suppose 86 = 14*v + 30. Suppose -347 = v*q - 2863. What is the hundreds digit of q?
6
Let m(i) be the second derivative of i**5/4 - i**4/12 + 2*i**3 - 15*i**2 - 6*i + 5. What is the tens digit of m(4)?
2
Suppose -29*j + 166086 = -148936 - 71258. What is the thousands digit of j?
3
Let w(g) = -g**3 + 6*g**2 - 4*g - 1. Let x be w(5). What is the units digit of ((-14994)/(-168))/(1/x)?
7
Let x(i) = -5*i**2 + 39*i + 3. Let o be x(-17). What is the hundreds digit of 14/2*(o/(-35) - 7)?
3
Let l be (-1 - (-152)/6)*(-7 + 10). Let k = l - 20. Let o = -51 + k. What is the units digit of o?
2
Let m = -33737 + 47903. What is the thousands digit of m?
4
Suppose 4*o = 5*n - 3093, -1573 = -3*n + 5*o + 288. What is the units digit of n?
7
Let y = 20987 - 13342. What is the thousands digit of y?
7
Let g = -20247 + 29379. What is the thousands digit of g?
9
Suppose 1838*v = 1886*v - 374160. What is the tens digit of v?
9
Suppose -6*y = -d - y - 12, -d = 3*y - 12. Suppose o = -i + d*o + 6, -5*o + 25 = 0. Suppose -i*s + 21*s = 450. What is the units digit of s?
0
Suppose 3539*g - 746400 = 3499*g. What is the thousands digit of g?
8
What is the thousands digit of -1*((-389472)/48 - (-3 - -1 - 1))?
8
Suppose 15*p - 4068872 = -214*p. What is the tens digit of p?
6
Suppose 3*r + 0*r = 0. Let v = -881 - -883. What is the tens digit of v*(2 + r) - -43?
4
Suppose -203868 = -4*j + d, -5*j - 3304*d + 3301*d + 254835 = 0. What is the units digit of j?
7
Suppose -181*l - 5311 = -91*l - 91*l. What is the tens digit of l?
1
Let k be (-3)/(-5 + 13304/2660). Let n be 0 + 0 + k/(-5 - 2). Suppose 3*u - 625 = 4*f + 173, 0 = -u - 5*f + n. What is the hundreds digit of u?
2
Suppose 10*w = 14*w. Let i be 2/(-5) + (-36)/(-15) + w. Suppose i*a + 2*v - 248 = 0, 5*v + 478 = 7*a - 3*a. What is the tens digit of a?
2
Suppose 0 = -20*b + 5119 - 399. Suppose 2*i - 406 - b = -3*f, -3*f - 4*i + 642 = 0. What is the units digit of f?
4
Let n be 2/(-8) + (-29265)/(-20). Let h = n + -761. What is the tens digit of h?
0
Let n = 25351 + -5125. Suppose -23*l + n - 860 = 0. What is the hundreds digit of l?
8
Let c be -1 - ((-3)/3 - -4). Let m be (-2)/((-5)/2*c/(-5)). Suppose -5*z - 63 = -2*s - m, -2*s = 3*z - 78. What is the tens digit of s?
3
Let j be -8 - 0 - -7 - (-5 - -1). Suppose 0 = -28*a + 29*a + 4*x - 541, -5*a = j*x - 2620. What is the hundreds digit of a?
5
Suppose 25*l - 330144 = 6*l. Suppose 6*d - 38*d + l = 0. What is the units digit of d?
3
Let j be -2 + (-4 + 8 - -88). Suppose -5*r - 75 + 15 = -5*a, 5*a + r = j. Suppose -a + 5 = -i. What is the units digit of i?
2
Let c be -12*((-504)/16)/9. Let f = c + 124. What is the tens digit of f?
6
Let a(v) = -3*v**3 - 2*v - 1. Let t be a(-1). Suppose -5*i + 4*y - 1348 = -103, t*i = 2*y - 1002. Let u = 430 + i. What is the hundreds digit of u?
1
Suppose -12 = 13*h - 77. Suppose 10 = h*k + v + 4, -v = 4. Suppose -3*u + k*i = -643, -5*i + 3*i = 4*u - 862. What is the hundreds digit of u?
2
Let v = 51515 - -1019. What is the hundreds digit of v?
5
Suppose 0 = -3*z + 5*z + 44. Let k be ((-36)/(-7))/(4329/728 - 6). Let f = z - k. What is the tens digit of f?
7
Suppose 0 = 4*u + 4*x - 8, -2*u + 5*u + 4*x - 1 = 0. Suppose u*k - 2298 = 7803. What is the hundreds digit of k?
4
Let p(f) = 44112*f**2 - 42*f + 41. What is the units digit of p(1)?
1
Suppose -2*a - 3*z - 4 = -a, 2*a = -2*z + 8. Let v be (-3 - 1372/a)*-2. What is the units digit of (-8)/(-12) - v/(-3) - 0?
7
Let t(j) = j - 2. Let s(c) = 180*c - 26. Let n(o) = -s(o) - 5*t(o). What is the units digit of n(-2)?
6
Suppose -1278*s + 15 = -1283*s. What is the tens digit of (-4 - 1)/(s/753)?
5
Suppose -11*t + 7*t = 4*l - 10028, -18 = 3*t. What is the thousands digit of l?
2
Suppose 2*n = -5*w + 22, 11 = 2*w + n + 2*n. What is the units digit of ((-435)/(-5))/(1/w)?
8
Suppose -o = 2*q - 18890, 5*q + 94540 = 480*o - 475*o. What is the ten thousands digit of o?
1
Suppose -279 = -22*q + 491. Suppose 48 = 3*j + 3*h, 0 = j - 4*h - q - 6. What is the tens digit of j?
2
Let o(t) = 39*t**2 - 78*t + 1692. What is the thousands digit of o(22)?
8
Suppose 0*d + 5 = 5*s + 4*d, 0 = 3*d + 15. Suppose -s*b + 4468 = -2297. Suppose -b + 123 = -6*q. What is the tens digit of q?
0
Suppose 0 = -10*v + 74368 + 68602. What is the ten thousands digit of v?
1
Let x be (-12)/(-15)*(5 + 1180/8). Let h = x + 5. What is the units digit of h?
7
Suppose -44*f + 2*w = -42*f - 22460, -f = -3*w - 11228. What is the hundreds digit of f?
2
What is the thousands digit of (-50)/(-30) - (-84325)/3?
8
Let o = -6640 - -27345. What is the units digit of o?
5
Let t = 61 + -61. Suppose -3*v = -3*i - 3, t*i - i - 13 = -4*v. Suppose 0 = 6*o - 2*o + 5*g - 333, -12 = v*g. What is the tens digit of o?
8
Suppose d - 166 = 565. Let l = 1447 - d. What is the units digit of l?
6
Let x(i) = -129*i + 96. Let m be -32 - -2*(-5)/10. Let n(t) = 8*t - 6. Let h(g) = m*n(g) - 2*x(g). What is the units digit of h(-11)?
2
Let r(j) = 2*j + 32. Let t be r(-15). Let a(o) = o**2 + 5*o**2 - 3 + 6*o**2 + 0*o**t + 4*o. What is the tens digit of a(2)?
5
Let t = 79 + -77. Let c be ((-112)/24)/(t/3). What is the tens digit of 4*1*((-117)/(-4) - c)?
4
Let c be 18/30 - (-1788)/20. What is the units digit of (-395)/(2/13 - c/78)?
5
Suppose 3*l = 2*x + 403, 5*l = -2*x - 3*x - 1045. Suppose -93 = 3*w + 246. Let s = w - x. What is the units digit of s?
3
Suppose -3*v = -4*y + 1568, -5*y + 1960 = -0*y - 5*v. Suppose -y = -2*j + 70. What is the units digit of j?
1
Let g(d) = 2085*d**2 + 12*d - 67. What is the tens digit of g(-4)?
4
Let z(h) = -18*h - 3. Let g be z(-4). Let x = -7 + g. Suppose 2*m - 3*m - x = -o, 0 = m - 2. What is the tens digit